{"id":5983,"date":"2021-11-17T05:25:42","date_gmt":"2021-11-17T04:25:42","guid":{"rendered":"http:\/\/ttantibes.com\/v4\/?page_id=5983"},"modified":"2026-03-14T15:39:13","modified_gmt":"2026-03-14T14:39:13","slug":"training-inscription","status":"publish","type":"page","link":"http:\/\/ttantibes.com\/v4\/training-inscription\/","title":{"rendered":"Riviera Training Camp inscription"},"content":{"rendered":"<p><img decoding=\"async\" class=\"alignnone wp-image-5539\" src=\"https:\/\/ttantibes.com\/v4\/wp-content\/uploads\/2021\/12\/gb.png\" alt=\"\" width=\"30\" height=\"15\" \/><br \/>\n<strong>Select your session(s) (A\/B) on this page and your formula (external\/half-board\/full-board) on the next page.<\/strong> Please note: HelloAsso is a social and solidarity company, which provides its payment technologies free of charge. An optional and modificable contribution to HelloAsso will be suggested before validation of your payment. You may cancel it.<\/p>\n<p><img decoding=\"async\" class=\"size-full wp-image-5540\" src=\"https:\/\/ttantibes.com\/v4\/wp-content\/uploads\/2021\/12\/fr.png\" alt=\"\" width=\"30\" height=\"20\" \/><br \/>\n<strong>S\u00e9lectionnez en premier votre\/vos session(s) (A\/B), puis votre formule (externe\/demi-pensionnaire ou interne) \u00e0 l&rsquo;\u00e9tape suivante.<\/strong> Veuillez noter qu&rsquo;une participation \u00e0 HelloAsso vous sera sugg\u00e9r\u00e9e avant votre paiement, vous pourrez modifier son montant ou l&rsquo;annuler selon votre souhait.[\/one_half]\n<p>&nbsp;<\/p>\n<p><iframe id=\"haWidget\" style=\"width: 100%; height: 1300px; border: none;\" src=\"https:\/\/www.helloasso.com\/associations\/olympique-d-antibes-juan-les-pins-tennis-de-table\/evenements\/riviera-training-camps-2026\/widget\" scrolling=\"auto\"><\/iframe><\/p>\n","protected":false},"excerpt":{"rendered":"<p>Select your session(s) (A\/B) on this page and your formula (external\/half-board\/full-board) on the next page. Please note: HelloAsso is a social and solidarity company, which provides its payment technologies free&#8230;<\/p>\n","protected":false},"author":1,"featured_media":0,"parent":0,"menu_order":0,"comment_status":"closed","ping_status":"closed","template":"","meta":{"footnotes":""},"class_list":["post-5983","page","type-page","status-publish"],"jetpack_sharing_enabled":true,"_links":{"self":[{"href":"http:\/\/ttantibes.com\/v4\/wp-json\/wp\/v2\/pages\/5983","targetHints":{"allow":["GET"]}}],"collection":[{"href":"http:\/\/ttantibes.com\/v4\/wp-json\/wp\/v2\/pages"}],"about":[{"href":"http:\/\/ttantibes.com\/v4\/wp-json\/wp\/v2\/types\/page"}],"author":[{"embeddable":true,"href":"http:\/\/ttantibes.com\/v4\/wp-json\/wp\/v2\/users\/1"}],"replies":[{"embeddable":true,"href":"http:\/\/ttantibes.com\/v4\/wp-json\/wp\/v2\/comments?post=5983"}],"version-history":[{"count":36,"href":"http:\/\/ttantibes.com\/v4\/wp-json\/wp\/v2\/pages\/5983\/revisions"}],"predecessor-version":[{"id":7260,"href":"http:\/\/ttantibes.com\/v4\/wp-json\/wp\/v2\/pages\/5983\/revisions\/7260"}],"wp:attachment":[{"href":"http:\/\/ttantibes.com\/v4\/wp-json\/wp\/v2\/media?parent=5983"}],"curies":[{"name":"wp","href":"https:\/\/api.w.org\/{rel}","templated":true}]}}